{"id":815,"date":"2022-01-22T00:00:19","date_gmt":"2022-01-22T00:00:19","guid":{"rendered":"https:\/\/longcargo.com.mx\/Long\/?page_id=815"},"modified":"2022-10-10T13:15:33","modified_gmt":"2022-10-10T13:15:33","slug":"exportacion","status":"publish","type":"page","link":"https:\/\/longcargo.mx\/Long\/exportacion\/","title":{"rendered":"Exportaci\u00f3n"},"content":{"rendered":"\t\t<div data-elementor-type=\"wp-page\" data-elementor-id=\"815\" class=\"elementor elementor-815\">\n\t\t\t\t\t\t<section class=\"elementor-section elementor-top-section elementor-element elementor-element-722542e elementor-section-full_width elementor-hidden-tablet elementor-hidden-mobile elementor-section-height-default elementor-section-height-default\" data-id=\"722542e\" data-element_type=\"section\">\n\t\t\t\t\t\t<div class=\"elementor-container elementor-column-gap-default\">\n\t\t\t\t\t<div class=\"elementor-column elementor-col-100 elementor-top-column elementor-element elementor-element-c89c718\" data-id=\"c89c718\" data-element_type=\"column\">\n\t\t\t<div class=\"elementor-widget-wrap elementor-element-populated\">\n\t\t\t\t\t\t<section class=\"elementor-section elementor-inner-section elementor-element elementor-element-bddab2c elementor-section-boxed elementor-section-height-default elementor-section-height-default\" data-id=\"bddab2c\" data-element_type=\"section\" data-settings=\"{&quot;background_background&quot;:&quot;classic&quot;}\">\n\t\t\t\t\t\t<div class=\"elementor-container elementor-column-gap-default\">\n\t\t\t\t\t<div class=\"elementor-column elementor-col-100 elementor-inner-column elementor-element elementor-element-65f75d3\" data-id=\"65f75d3\" data-element_type=\"column\">\n\t\t\t<div class=\"elementor-widget-wrap elementor-element-populated\">\n\t\t\t\t\t\t<div class=\"elementor-element elementor-element-ab9d113 elementor-widget elementor-widget-spacer\" data-id=\"ab9d113\" data-element_type=\"widget\" data-widget_type=\"spacer.default\">\n\t\t\t\t<div class=\"elementor-widget-container\">\n\t\t\t\t\t\t\t<div class=\"elementor-spacer\">\n\t\t\t<div class=\"elementor-spacer-inner\"><\/div>\n\t\t<\/div>\n\t\t\t\t\t\t<\/div>\n\t\t\t\t<\/div>\n\t\t\t\t\t<\/div>\n\t\t<\/div>\n\t\t\t\t\t<\/div>\n\t\t<\/section>\n\t\t\t\t<div class=\"elementor-element elementor-element-56a915c elementor-widget elementor-widget-image\" data-id=\"56a915c\" data-element_type=\"widget\" data-widget_type=\"image.default\">\n\t\t\t\t<div class=\"elementor-widget-container\">\n\t\t\t\t\t\t\t\t\t\t\t\t\t\t\t<img fetchpriority=\"high\" decoding=\"async\" width=\"2000\" height=\"857\" src=\"https:\/\/longcargo.mx\/Long\/wp-content\/uploads\/2022\/01\/ImportacionBanner.jpg\" class=\"attachment-full size-full wp-image-929\" alt=\"\" srcset=\"https:\/\/longcargo.mx\/Long\/wp-content\/uploads\/2022\/01\/ImportacionBanner.jpg 2000w, https:\/\/longcargo.mx\/Long\/wp-content\/uploads\/2022\/01\/ImportacionBanner-300x129.jpg 300w, https:\/\/longcargo.mx\/Long\/wp-content\/uploads\/2022\/01\/ImportacionBanner-1024x439.jpg 1024w, https:\/\/longcargo.mx\/Long\/wp-content\/uploads\/2022\/01\/ImportacionBanner-768x329.jpg 768w, https:\/\/longcargo.mx\/Long\/wp-content\/uploads\/2022\/01\/ImportacionBanner-1536x658.jpg 1536w\" sizes=\"(max-width: 2000px) 100vw, 2000px\" \/>\t\t\t\t\t\t\t\t\t\t\t\t\t\t\t<\/div>\n\t\t\t\t<\/div>\n\t\t\t\t\t<\/div>\n\t\t<\/div>\n\t\t\t\t\t<\/div>\n\t\t<\/section>\n\t\t\t\t<section class=\"elementor-section elementor-top-section elementor-element elementor-element-641abb3 elementor-hidden-tablet elementor-hidden-mobile elementor-section-boxed elementor-section-height-default elementor-section-height-default\" data-id=\"641abb3\" data-element_type=\"section\">\n\t\t\t\t\t\t<div class=\"elementor-container elementor-column-gap-default\">\n\t\t\t\t\t<div class=\"elementor-column elementor-col-100 elementor-top-column elementor-element elementor-element-c8d6022\" data-id=\"c8d6022\" data-element_type=\"column\">\n\t\t\t<div class=\"elementor-widget-wrap elementor-element-populated\">\n\t\t\t\t\t\t<div class=\"elementor-element elementor-element-fc2a7fa elementor-widget elementor-widget-spacer\" data-id=\"fc2a7fa\" data-element_type=\"widget\" data-widget_type=\"spacer.default\">\n\t\t\t\t<div class=\"elementor-widget-container\">\n\t\t\t\t\t\t\t<div class=\"elementor-spacer\">\n\t\t\t<div class=\"elementor-spacer-inner\"><\/div>\n\t\t<\/div>\n\t\t\t\t\t\t<\/div>\n\t\t\t\t<\/div>\n\t\t\t\t\t<\/div>\n\t\t<\/div>\n\t\t\t\t\t<\/div>\n\t\t<\/section>\n\t\t\t\t<section class=\"elementor-section elementor-top-section elementor-element elementor-element-48aace0 elementor-section-full_width elementor-hidden-desktop elementor-section-height-default elementor-section-height-default\" data-id=\"48aace0\" data-element_type=\"section\" data-settings=\"{&quot;background_background&quot;:&quot;classic&quot;}\">\n\t\t\t\t\t\t<div class=\"elementor-container elementor-column-gap-default\">\n\t\t\t\t\t<div class=\"elementor-column elementor-col-100 elementor-top-column elementor-element elementor-element-a83c017\" data-id=\"a83c017\" data-element_type=\"column\">\n\t\t\t<div class=\"elementor-widget-wrap elementor-element-populated\">\n\t\t\t\t\t\t<div class=\"elementor-element elementor-element-537926d elementor-widget elementor-widget-spacer\" data-id=\"537926d\" data-element_type=\"widget\" data-widget_type=\"spacer.default\">\n\t\t\t\t<div class=\"elementor-widget-container\">\n\t\t\t\t\t\t\t<div class=\"elementor-spacer\">\n\t\t\t<div class=\"elementor-spacer-inner\"><\/div>\n\t\t<\/div>\n\t\t\t\t\t\t<\/div>\n\t\t\t\t<\/div>\n\t\t\t\t\t<\/div>\n\t\t<\/div>\n\t\t\t\t\t<\/div>\n\t\t<\/section>\n\t\t\t\t<section class=\"elementor-section elementor-top-section elementor-element elementor-element-1a190f9 elementor-section-boxed elementor-section-height-default elementor-section-height-default\" data-id=\"1a190f9\" data-element_type=\"section\">\n\t\t\t\t\t\t<div class=\"elementor-container elementor-column-gap-default\">\n\t\t\t\t\t<div class=\"elementor-column elementor-col-100 elementor-top-column elementor-element elementor-element-3ff7f27\" data-id=\"3ff7f27\" data-element_type=\"column\">\n\t\t\t<div class=\"elementor-widget-wrap elementor-element-populated\">\n\t\t\t\t\t\t<div class=\"elementor-element elementor-element-aad51b0 elementor-widget-divider--separator-type-pattern elementor-widget-divider--no-spacing elementor-widget-divider--view-line elementor-widget elementor-widget-divider\" data-id=\"aad51b0\" data-element_type=\"widget\" data-widget_type=\"divider.default\">\n\t\t\t\t<div class=\"elementor-widget-container\">\n\t\t\t\t\t\t\t<div class=\"elementor-divider\" style=\"--divider-pattern-url: url(&quot;data:image\/svg+xml,%3Csvg xmlns=&#039;http:\/\/www.w3.org\/2000\/svg&#039; preserveAspectRatio=&#039;none&#039; overflow=&#039;visible&#039; height=&#039;100%&#039; viewBox=&#039;0 0 24 24&#039; fill=&#039;black&#039; stroke=&#039;none&#039;%3E%3Cpath d=&#039;M24,8v12H0V8H24z M24,4v1H0V4H24z&#039;\/%3E%3C\/svg%3E&quot;);\">\n\t\t\t<span class=\"elementor-divider-separator\">\n\t\t\t\t\t\t<\/span>\n\t\t<\/div>\n\t\t\t\t\t\t<\/div>\n\t\t\t\t<\/div>\n\t\t\t\t\t<\/div>\n\t\t<\/div>\n\t\t\t\t\t<\/div>\n\t\t<\/section>\n\t\t\t\t<section class=\"elementor-section elementor-top-section elementor-element elementor-element-f473fdb elementor-section-boxed elementor-section-height-default elementor-section-height-default\" data-id=\"f473fdb\" data-element_type=\"section\">\n\t\t\t\t\t\t<div class=\"elementor-container elementor-column-gap-default\">\n\t\t\t\t\t<div class=\"elementor-column elementor-col-100 elementor-top-column elementor-element elementor-element-e702824\" data-id=\"e702824\" data-element_type=\"column\">\n\t\t\t<div class=\"elementor-widget-wrap elementor-element-populated\">\n\t\t\t\t\t\t<div class=\"elementor-element elementor-element-b9eb4a0 elementor-widget elementor-widget-heading\" data-id=\"b9eb4a0\" data-element_type=\"widget\" data-widget_type=\"heading.default\">\n\t\t\t\t<div class=\"elementor-widget-container\">\n\t\t\t\t\t<h2 class=\"elementor-heading-title elementor-size-xl\">Servicio de Exportaci\u00f3n<\/h2>\t\t\t\t<\/div>\n\t\t\t\t<\/div>\n\t\t\t\t<div class=\"elementor-element elementor-element-baa7829 elementor-widget elementor-widget-text-editor\" data-id=\"baa7829\" data-element_type=\"widget\" data-widget_type=\"text-editor.default\">\n\t\t\t\t<div class=\"elementor-widget-container\">\n\t\t\t\t\t\t\t\t\t<p><span style=\"color: #000000; font-size: 14px; text-align: justify;\">Dragon Cargo cuenta con una infraestructura y presencia a nivel mundial, por ello, podemos realizar cualquier tipo de operaci\u00f3n de exportaci\u00f3n (mar\u00edtima, a\u00e9rea o terrestre) a cualquier destino del mundo, ya que contamos con una extensa red de agentes. <\/span><\/p><p><span style=\"color: #000000; font-size: 14px; text-align: justify;\">Nuestra experiencia y herramientas tecnol\u00f3gicas nos permiten garantizar seguridad administrativa y fiscal en todas las operaciones de exportaci\u00f3n que nuestros clientes realicen con nosotros. <\/span><\/p><p><span style=\"color: #000000; font-size: 14px; text-align: justify;\">Garantizamos seguridad administrativa y fiscal en cada una de las operaciones de exportaci\u00f3n.<\/span><\/p><p><span style=\"color: #000000; font-size: 14px; text-align: justify;\">Estamos conscientes de lo importante que es llevar a cabo una gesti\u00f3n correcta en las operaci\u00f3n de comercio exterior, por ello, Dragon Cargo tiene la experiencia para satisfacer las necesidades de sus operaciones internacionales.<\/span><\/p>\t\t\t\t\t\t\t\t<\/div>\n\t\t\t\t<\/div>\n\t\t\t\t<div class=\"elementor-element elementor-element-287aac1 elementor-widget elementor-widget-spacer\" data-id=\"287aac1\" data-element_type=\"widget\" data-widget_type=\"spacer.default\">\n\t\t\t\t<div class=\"elementor-widget-container\">\n\t\t\t\t\t\t\t<div class=\"elementor-spacer\">\n\t\t\t<div class=\"elementor-spacer-inner\"><\/div>\n\t\t<\/div>\n\t\t\t\t\t\t<\/div>\n\t\t\t\t<\/div>\n\t\t\t\t<div class=\"elementor-element elementor-element-f94692d elementor-widget elementor-widget-image\" data-id=\"f94692d\" data-element_type=\"widget\" data-widget_type=\"image.default\">\n\t\t\t\t<div class=\"elementor-widget-container\">\n\t\t\t\t\t\t\t\t\t\t\t\t\t\t\t<img decoding=\"async\" width=\"700\" height=\"441\" src=\"https:\/\/longcargo.mx\/Long\/wp-content\/uploads\/2022\/01\/exportacion-700x441-1.jpg\" class=\"attachment-large size-large wp-image-918\" alt=\"\" srcset=\"https:\/\/longcargo.mx\/Long\/wp-content\/uploads\/2022\/01\/exportacion-700x441-1.jpg 700w, https:\/\/longcargo.mx\/Long\/wp-content\/uploads\/2022\/01\/exportacion-700x441-1-300x189.jpg 300w\" sizes=\"(max-width: 700px) 100vw, 700px\" \/>\t\t\t\t\t\t\t\t\t\t\t\t\t\t\t<\/div>\n\t\t\t\t<\/div>\n\t\t\t\t<div class=\"elementor-element elementor-element-c10719a elementor-widget elementor-widget-spacer\" data-id=\"c10719a\" data-element_type=\"widget\" data-widget_type=\"spacer.default\">\n\t\t\t\t<div class=\"elementor-widget-container\">\n\t\t\t\t\t\t\t<div class=\"elementor-spacer\">\n\t\t\t<div class=\"elementor-spacer-inner\"><\/div>\n\t\t<\/div>\n\t\t\t\t\t\t<\/div>\n\t\t\t\t<\/div>\n\t\t\t\t\t<\/div>\n\t\t<\/div>\n\t\t\t\t\t<\/div>\n\t\t<\/section>\n\t\t\t\t<\/div>\n\t\t","protected":false},"excerpt":{"rendered":"<p>Servicio de Exportaci\u00f3n Dragon Cargo cuenta con una infraestructura y presencia a nivel mundial, por ello, podemos realizar cualquier tipo de operaci\u00f3n de exportaci\u00f3n (mar\u00edtima, a\u00e9rea o terrestre) a cualquier destino del mundo, ya que contamos con una extensa red de agentes. Nuestra experiencia y herramientas tecnol\u00f3gicas nos permiten garantizar seguridad administrativa y fiscal en [&hellip;]<\/p>\n","protected":false},"author":1,"featured_media":0,"parent":0,"menu_order":0,"comment_status":"closed","ping_status":"closed","template":"","meta":{"_joinchat":[],"footnotes":""},"class_list":["post-815","page","type-page","status-publish","hentry","entry"],"_links":{"self":[{"href":"https:\/\/longcargo.mx\/Long\/wp-json\/wp\/v2\/pages\/815","targetHints":{"allow":["GET"]}}],"collection":[{"href":"https:\/\/longcargo.mx\/Long\/wp-json\/wp\/v2\/pages"}],"about":[{"href":"https:\/\/longcargo.mx\/Long\/wp-json\/wp\/v2\/types\/page"}],"author":[{"embeddable":true,"href":"https:\/\/longcargo.mx\/Long\/wp-json\/wp\/v2\/users\/1"}],"replies":[{"embeddable":true,"href":"https:\/\/longcargo.mx\/Long\/wp-json\/wp\/v2\/comments?post=815"}],"version-history":[{"count":94,"href":"https:\/\/longcargo.mx\/Long\/wp-json\/wp\/v2\/pages\/815\/revisions"}],"predecessor-version":[{"id":2266,"href":"https:\/\/longcargo.mx\/Long\/wp-json\/wp\/v2\/pages\/815\/revisions\/2266"}],"wp:attachment":[{"href":"https:\/\/longcargo.mx\/Long\/wp-json\/wp\/v2\/media?parent=815"}],"curies":[{"name":"wp","href":"https:\/\/api.w.org\/{rel}","templated":true}]}}