{"id":833,"date":"2022-01-24T18:16:12","date_gmt":"2022-01-24T18:16:12","guid":{"rendered":"https:\/\/longcargo.com.mx\/Long\/?page_id=833"},"modified":"2022-11-01T22:16:59","modified_gmt":"2022-11-01T22:16:59","slug":"seguros","status":"publish","type":"page","link":"https:\/\/longcargo.mx\/Long\/seguros\/","title":{"rendered":"Seguros"},"content":{"rendered":"\t\t<div data-elementor-type=\"wp-page\" data-elementor-id=\"833\" class=\"elementor elementor-833\">\n\t\t\t\t\t\t<section class=\"elementor-section elementor-top-section elementor-element elementor-element-123c18b elementor-section-full_width elementor-section-height-default elementor-section-height-default\" data-id=\"123c18b\" data-element_type=\"section\">\n\t\t\t\t\t\t<div class=\"elementor-container elementor-column-gap-default\">\n\t\t\t\t\t<div class=\"elementor-column elementor-col-100 elementor-top-column elementor-element elementor-element-1364be7\" data-id=\"1364be7\" data-element_type=\"column\">\n\t\t\t<div class=\"elementor-widget-wrap elementor-element-populated\">\n\t\t\t\t\t\t<div class=\"elementor-element elementor-element-16896da elementor-widget elementor-widget-image\" data-id=\"16896da\" data-element_type=\"widget\" data-widget_type=\"image.default\">\n\t\t\t\t<div class=\"elementor-widget-container\">\n\t\t\t\t\t\t\t\t\t\t\t\t\t\t\t<img fetchpriority=\"high\" decoding=\"async\" width=\"2000\" height=\"857\" src=\"https:\/\/longcargo.mx\/Long\/wp-content\/uploads\/2022\/01\/Seguros.jpg\" class=\"attachment-full size-full wp-image-838\" alt=\"\" srcset=\"https:\/\/longcargo.mx\/Long\/wp-content\/uploads\/2022\/01\/Seguros.jpg 2000w, https:\/\/longcargo.mx\/Long\/wp-content\/uploads\/2022\/01\/Seguros-300x129.jpg 300w, https:\/\/longcargo.mx\/Long\/wp-content\/uploads\/2022\/01\/Seguros-1024x439.jpg 1024w, https:\/\/longcargo.mx\/Long\/wp-content\/uploads\/2022\/01\/Seguros-768x329.jpg 768w, https:\/\/longcargo.mx\/Long\/wp-content\/uploads\/2022\/01\/Seguros-1536x658.jpg 1536w\" sizes=\"(max-width: 2000px) 100vw, 2000px\" \/>\t\t\t\t\t\t\t\t\t\t\t\t\t\t\t<\/div>\n\t\t\t\t<\/div>\n\t\t\t\t\t<\/div>\n\t\t<\/div>\n\t\t\t\t\t<\/div>\n\t\t<\/section>\n\t\t\t\t<section class=\"elementor-section elementor-top-section elementor-element elementor-element-d6798c9 elementor-section-boxed elementor-section-height-default elementor-section-height-default\" data-id=\"d6798c9\" data-element_type=\"section\">\n\t\t\t\t\t\t<div class=\"elementor-container elementor-column-gap-default\">\n\t\t\t\t\t<div class=\"elementor-column elementor-col-100 elementor-top-column elementor-element elementor-element-9ee939f\" data-id=\"9ee939f\" data-element_type=\"column\">\n\t\t\t<div class=\"elementor-widget-wrap elementor-element-populated\">\n\t\t\t\t\t\t<div class=\"elementor-element elementor-element-8b8a8a0 elementor-widget elementor-widget-spacer\" data-id=\"8b8a8a0\" data-element_type=\"widget\" data-widget_type=\"spacer.default\">\n\t\t\t\t<div class=\"elementor-widget-container\">\n\t\t\t\t\t\t\t<div class=\"elementor-spacer\">\n\t\t\t<div class=\"elementor-spacer-inner\"><\/div>\n\t\t<\/div>\n\t\t\t\t\t\t<\/div>\n\t\t\t\t<\/div>\n\t\t\t\t\t<\/div>\n\t\t<\/div>\n\t\t\t\t\t<\/div>\n\t\t<\/section>\n\t\t\t\t<section class=\"elementor-section elementor-top-section elementor-element elementor-element-fd805e5 elementor-section-boxed elementor-section-height-default elementor-section-height-default\" data-id=\"fd805e5\" data-element_type=\"section\">\n\t\t\t\t\t\t<div class=\"elementor-container elementor-column-gap-default\">\n\t\t\t\t\t<div class=\"elementor-column elementor-col-100 elementor-top-column elementor-element elementor-element-f923d7b\" data-id=\"f923d7b\" data-element_type=\"column\">\n\t\t\t<div class=\"elementor-widget-wrap elementor-element-populated\">\n\t\t\t\t\t\t<div class=\"elementor-element elementor-element-a74df10 elementor-widget elementor-widget-heading\" data-id=\"a74df10\" data-element_type=\"widget\" data-widget_type=\"heading.default\">\n\t\t\t\t<div class=\"elementor-widget-container\">\n\t\t\t\t\t<h2 class=\"elementor-heading-title elementor-size-xl\">SEGUROS<\/h2>\t\t\t\t<\/div>\n\t\t\t\t<\/div>\n\t\t\t\t<div class=\"elementor-element elementor-element-53840dd elementor-widget elementor-widget-text-editor\" data-id=\"53840dd\" data-element_type=\"widget\" data-widget_type=\"text-editor.default\">\n\t\t\t\t<div class=\"elementor-widget-container\">\n\t\t\t\t\t\t\t\t\t<p style=\"text-align: justify;\">Tener asegurada su mercanc\u00eda es indispensable para poder cubrir cualquier acontecimiento que llegase a suceder. Dragon Cargo tiene alianzas con empresas aseguradoras internacionales que le permitir\u00e1n estar tranquilo en caso de cualquier percance.<\/p>\n<p style=\"text-align: justify;\">Ofrecemos un servicio de alto nivel en seguros para proteger su mercanc\u00eda tanto en transporte nacional como internacional. Nuestros seguros le indemnizan por las p\u00e9rdidas o da\u00f1os que se produzcan siempre y cuando cumplan con los requerimientos que las aseguradoras estipulan y el tipo de p\u00f3liza contratado lo cubra.<\/p>\n<p style=\"text-align: justify;\">Contamos con una amplia gama de coberturas, de acuerdo con las necesidades de cada cliente.<\/p>\t\t\t\t\t\t\t\t<\/div>\n\t\t\t\t<\/div>\n\t\t\t\t\t<\/div>\n\t\t<\/div>\n\t\t\t\t\t<\/div>\n\t\t<\/section>\n\t\t\t\t<section class=\"elementor-section elementor-top-section elementor-element elementor-element-5e799be elementor-section-boxed elementor-section-height-default elementor-section-height-default\" data-id=\"5e799be\" data-element_type=\"section\">\n\t\t\t\t\t\t<div class=\"elementor-container elementor-column-gap-default\">\n\t\t\t\t\t<div class=\"elementor-column elementor-col-33 elementor-top-column elementor-element elementor-element-1e5b676\" data-id=\"1e5b676\" data-element_type=\"column\">\n\t\t\t<div class=\"elementor-widget-wrap elementor-element-populated\">\n\t\t\t\t\t\t<div class=\"elementor-element elementor-element-fc6bf12 elementor-widget elementor-widget-image\" data-id=\"fc6bf12\" data-element_type=\"widget\" data-widget_type=\"image.default\">\n\t\t\t\t<div class=\"elementor-widget-container\">\n\t\t\t\t\t\t\t\t\t\t\t\t\t\t\t<img decoding=\"async\" width=\"450\" height=\"272\" src=\"https:\/\/longcargo.mx\/Long\/wp-content\/uploads\/2022\/01\/1a-450x272-1.jpg\" class=\"attachment-large size-large wp-image-844\" alt=\"\" srcset=\"https:\/\/longcargo.mx\/Long\/wp-content\/uploads\/2022\/01\/1a-450x272-1.jpg 450w, https:\/\/longcargo.mx\/Long\/wp-content\/uploads\/2022\/01\/1a-450x272-1-300x181.jpg 300w\" sizes=\"(max-width: 450px) 100vw, 450px\" \/>\t\t\t\t\t\t\t\t\t\t\t\t\t\t\t<\/div>\n\t\t\t\t<\/div>\n\t\t\t\t\t<\/div>\n\t\t<\/div>\n\t\t\t\t<div class=\"elementor-column elementor-col-33 elementor-top-column elementor-element elementor-element-1cfb71a\" data-id=\"1cfb71a\" data-element_type=\"column\">\n\t\t\t<div class=\"elementor-widget-wrap elementor-element-populated\">\n\t\t\t\t\t\t<div class=\"elementor-element elementor-element-86b7136 elementor-widget elementor-widget-image\" data-id=\"86b7136\" data-element_type=\"widget\" data-widget_type=\"image.default\">\n\t\t\t\t<div class=\"elementor-widget-container\">\n\t\t\t\t\t\t\t\t\t\t\t\t\t\t\t<img decoding=\"async\" width=\"450\" height=\"272\" src=\"https:\/\/longcargo.mx\/Long\/wp-content\/uploads\/2022\/01\/1b-450x272-1.jpg\" class=\"attachment-large size-large wp-image-845\" alt=\"\" srcset=\"https:\/\/longcargo.mx\/Long\/wp-content\/uploads\/2022\/01\/1b-450x272-1.jpg 450w, https:\/\/longcargo.mx\/Long\/wp-content\/uploads\/2022\/01\/1b-450x272-1-300x181.jpg 300w\" sizes=\"(max-width: 450px) 100vw, 450px\" \/>\t\t\t\t\t\t\t\t\t\t\t\t\t\t\t<\/div>\n\t\t\t\t<\/div>\n\t\t\t\t\t<\/div>\n\t\t<\/div>\n\t\t\t\t<div class=\"elementor-column elementor-col-33 elementor-top-column elementor-element elementor-element-706302b\" data-id=\"706302b\" data-element_type=\"column\">\n\t\t\t<div class=\"elementor-widget-wrap elementor-element-populated\">\n\t\t\t\t\t\t<div class=\"elementor-element elementor-element-def5ad4 elementor-widget elementor-widget-image\" data-id=\"def5ad4\" data-element_type=\"widget\" data-widget_type=\"image.default\">\n\t\t\t\t<div class=\"elementor-widget-container\">\n\t\t\t\t\t\t\t\t\t\t\t\t\t\t\t<img loading=\"lazy\" decoding=\"async\" width=\"450\" height=\"272\" src=\"https:\/\/longcargo.mx\/Long\/wp-content\/uploads\/2022\/01\/1c-450x272-1.jpg\" class=\"attachment-large size-large wp-image-846\" alt=\"\" srcset=\"https:\/\/longcargo.mx\/Long\/wp-content\/uploads\/2022\/01\/1c-450x272-1.jpg 450w, https:\/\/longcargo.mx\/Long\/wp-content\/uploads\/2022\/01\/1c-450x272-1-300x181.jpg 300w\" sizes=\"(max-width: 450px) 100vw, 450px\" \/>\t\t\t\t\t\t\t\t\t\t\t\t\t\t\t<\/div>\n\t\t\t\t<\/div>\n\t\t\t\t\t<\/div>\n\t\t<\/div>\n\t\t\t\t\t<\/div>\n\t\t<\/section>\n\t\t\t\t<section class=\"elementor-section elementor-top-section elementor-element elementor-element-e53cc6e elementor-section-boxed elementor-section-height-default elementor-section-height-default\" data-id=\"e53cc6e\" data-element_type=\"section\">\n\t\t\t\t\t\t<div class=\"elementor-container elementor-column-gap-default\">\n\t\t\t\t\t<div class=\"elementor-column elementor-col-100 elementor-top-column elementor-element elementor-element-ad0f002\" data-id=\"ad0f002\" data-element_type=\"column\">\n\t\t\t<div class=\"elementor-widget-wrap elementor-element-populated\">\n\t\t\t\t\t\t<div class=\"elementor-element elementor-element-11cef66 elementor-widget elementor-widget-spacer\" data-id=\"11cef66\" data-element_type=\"widget\" data-widget_type=\"spacer.default\">\n\t\t\t\t<div class=\"elementor-widget-container\">\n\t\t\t\t\t\t\t<div class=\"elementor-spacer\">\n\t\t\t<div class=\"elementor-spacer-inner\"><\/div>\n\t\t<\/div>\n\t\t\t\t\t\t<\/div>\n\t\t\t\t<\/div>\n\t\t\t\t\t<\/div>\n\t\t<\/div>\n\t\t\t\t\t<\/div>\n\t\t<\/section>\n\t\t\t\t<\/div>\n\t\t","protected":false},"excerpt":{"rendered":"<p>SEGUROS Tener asegurada su mercanc\u00eda es indispensable para poder cubrir cualquier acontecimiento que llegase a suceder. Dragon Cargo tiene alianzas con empresas aseguradoras internacionales que le permitir\u00e1n estar tranquilo en caso de cualquier percance. Ofrecemos un servicio de alto nivel en seguros para proteger su mercanc\u00eda tanto en transporte nacional como internacional. Nuestros seguros le [&hellip;]<\/p>\n","protected":false},"author":1,"featured_media":0,"parent":0,"menu_order":0,"comment_status":"closed","ping_status":"closed","template":"","meta":{"_joinchat":[],"footnotes":""},"class_list":["post-833","page","type-page","status-publish","hentry","entry"],"_links":{"self":[{"href":"https:\/\/longcargo.mx\/Long\/wp-json\/wp\/v2\/pages\/833","targetHints":{"allow":["GET"]}}],"collection":[{"href":"https:\/\/longcargo.mx\/Long\/wp-json\/wp\/v2\/pages"}],"about":[{"href":"https:\/\/longcargo.mx\/Long\/wp-json\/wp\/v2\/types\/page"}],"author":[{"embeddable":true,"href":"https:\/\/longcargo.mx\/Long\/wp-json\/wp\/v2\/users\/1"}],"replies":[{"embeddable":true,"href":"https:\/\/longcargo.mx\/Long\/wp-json\/wp\/v2\/comments?post=833"}],"version-history":[{"count":31,"href":"https:\/\/longcargo.mx\/Long\/wp-json\/wp\/v2\/pages\/833\/revisions"}],"predecessor-version":[{"id":2411,"href":"https:\/\/longcargo.mx\/Long\/wp-json\/wp\/v2\/pages\/833\/revisions\/2411"}],"wp:attachment":[{"href":"https:\/\/longcargo.mx\/Long\/wp-json\/wp\/v2\/media?parent=833"}],"curies":[{"name":"wp","href":"https:\/\/api.w.org\/{rel}","templated":true}]}}